{"id":24,"date":"2011-07-20T07:19:00","date_gmt":"2011-07-20T07:19:00","guid":{"rendered":"http:\/\/biblioteka.czerniceborowe.pl\/?page_id=24"},"modified":"2020-09-21T14:01:17","modified_gmt":"2020-09-21T14:01:17","slug":"kontakt","status":"publish","type":"page","link":"https:\/\/biblioteka.czerniceborowe.pl\/?page_id=24","title":{"rendered":"Deklaracja dost\u0119pno\u015bci"},"content":{"rendered":"<p style=\"text-align: justify;\">Gminna Biblioteka Publiczna w Czernicach Borowych zobowi\u0105zuje si\u0119 zapewni\u0107 dost\u0119pno\u015b\u0107 swojej strony internetowej zgodnie z przepisami Ustawy z dnia 4 kwietnia 2019 r. o dost\u0119pno\u015bci cyfrowej stron internetowych i aplikacji mobilnych podmiot\u00f3w publicznych. O\u015bwiadczenie w sprawie dost\u0119pno\u015bci ma zastosowanie do strony internetowej https:\/\/biblioteka.czerniceborowe.pl<\/p>\n<p><strong>Daty publikacji i\u00a0aktualizacji<\/strong><\/p>\n<p>data opublikowania strony internetowej: brak danych<br \/>\ndata ostatniej istotnej aktualizacji strony internetowej: 2016-09-01.<\/p>\n<p><strong>Statut pod wzgl\u0119dem zgodno\u015bci z\u00a0ustaw\u0105<\/strong><\/p>\n<p style=\"text-align: justify;\">Strona internetowa Gminnej Biblioteki Publicznej w Czernicach Borowych &#8211; https:\/\/biblioteka.czerniceborowe.pl jest zgodna z ustaw\u0105 z dnia 4 kwietnia 2019 r. o dost\u0119pno\u015bci cyfrowej stron internetowych i aplikacji mobilnych podmiot\u00f3w publicznych. Jednak pomimo naszych wysi\u0142k\u00f3w na stronach opublikowanych przed wej\u015bciem w \u017cycie ustawy o dost\u0119pno\u015bci cyfrowej mog\u0105 pojawia\u0107 si\u0119 drobne b\u0142\u0119dy:<\/p>\n<p style=\"text-align: justify;\">1.\u00a0 niekt\u00f3re dokumenty opublikowane na stronie s\u0105 niedost\u0119pne z uwagi na fakt, \u017ce:<br \/>\na) pochodz\u0105 z r\u00f3\u017cnych \u017ar\u00f3de\u0142,<br \/>\nb) opublikowane zosta\u0142y w oparciu o zasady przyj\u0119te w innej instytucji,<br \/>\nc) posiadaj\u0105 struktur\u0119, w kt\u00f3r\u0105 nie ma mo\u017cliwo\u015bci ingerencji,<br \/>\nd) opublikowane zosta\u0142y przed wej\u015bciem w \u017cycie ustawy o dost\u0119pno\u015bci cyfrowej;<\/p>\n<p style=\"text-align: justify;\"><strong>Data sporz\u0105dzenia deklaracji i\u00a0metoda oceny dost\u0119pno\u015bci cyfrowej<\/strong><\/p>\n<p>Deklaracj\u0119 dost\u0119pno\u015bci sporz\u0105dzono dnia: 2020-09-21.<\/p>\n<p>Deklaracj\u0119 sporz\u0105dzono na podstawie samooceny przeprowadzonej przez podmiot publiczny.<\/p>\n<p><strong>Skr\u00f3ty klawiaturowe<\/strong><\/p>\n<p>Na stronie internetowej mo\u017cna u\u017cywa\u0107 standardowych skr\u00f3t\u00f3w klawiaturowych przegl\u0105darki.<\/p>\n<p><strong>Informacje zwrotne i\u00a0dane kontaktowe<\/strong><\/p>\n<p>W przypadku problem\u00f3w z\u00a0dost\u0119pno\u015bci\u0105 strony internetowej prosimy o\u00a0kontakt.<br \/>\nOsob\u0105 kontaktow\u0105 jest: Iwona Zakrzewska \u2013 p.o. Kierownik Gminnej Biblioteki Publicznej w Czernicach Borowych<br \/>\ne-mail:\u00a0<a href=\"mailto:biblioteka@czerniceborowe.pl\">biblioteka@czerniceborowe.pl<\/a><br \/>\nKontaktowa\u0107 mo\u017cna si\u0119 tak\u017ce dzwoni\u0105c na numer telefonu: 236746072<br \/>\nT\u0105 sam\u0105 drog\u0105 mo\u017cna sk\u0142ada\u0107 wnioski o\u00a0udost\u0119pnienie informacji niedost\u0119pnej oraz sk\u0142ada\u0107 \u017c\u0105dania zapewnienia dost\u0119pno\u015bci.<\/p>\n<p><strong>Informacje na temat procedury wnioskowo-skargowej<\/strong><\/p>\n<p style=\"text-align: justify;\">Ka\u017cdy ma prawo do wyst\u0105pienia z \u017c\u0105daniem zapewnienia dost\u0119pno\u015bci cyfrowej strony internetowej, aplikacji mobilnej lub jakiego\u015b ich elementu. Mo\u017cna tak\u017ce za\u017c\u0105da\u0107 udost\u0119pnienia informacji za pomoc\u0105 alternatywnego sposobu dost\u0119pu, na przyk\u0142ad przez odczytanie niedost\u0119pnego cyfrowo dokumentu, opisanie zawarto\u015bci filmu bez audiodeskrypcji itp. \u017b\u0105danie powinno zawiera\u0107 dane osoby zg\u0142aszaj\u0105cej \u017c\u0105danie, wskazanie, o kt\u00f3r\u0105 stron\u0119 internetow\u0105 lub aplikacj\u0119 mobiln\u0105 chodzi oraz spos\u00f3b kontaktu. Je\u017celi osoba \u017c\u0105daj\u0105ca zg\u0142asza potrzeb\u0119 otrzymania informacji za pomoc\u0105 alternatywnego sposobu dost\u0119pu, powinna tak\u017ce okre\u015bli\u0107 dogodny dla niej spos\u00f3b przedstawienia tej informacji. Podmiot publiczny powinien zrealizowa\u0107 \u017c\u0105danie niezw\u0142ocznie, nie p\u00f3\u017aniej ni\u017c w ci\u0105gu 7 dni od dnia wyst\u0105pienia z \u017c\u0105daniem. Je\u017celi dotrzymanie tego terminu nie jest mo\u017cliwe, podmiot publiczny niezw\u0142ocznie informuje o tym wnosz\u0105cego \u017c\u0105danie, kiedy realizacja \u017c\u0105dania b\u0119dzie mo\u017cliwa, przy czym termin ten nie mo\u017ce by\u0107 d\u0142u\u017cszy ni\u017c 2 miesi\u0105ce od dnia wyst\u0105pienia z \u017c\u0105daniem. Je\u017celi zapewnienie dost\u0119pno\u015bci cyfrowej nie jest mo\u017cliwe, podmiot publiczny mo\u017ce zaproponowa\u0107 alternatywny spos\u00f3b dost\u0119pu do informacji. W przypadku, gdy podmiot publiczny odm\u00f3wi realizacji \u017c\u0105dania zapewnienia dost\u0119pno\u015bci lub alternatywnego sposobu dost\u0119pu do informacji, wnosz\u0105cy \u017c\u0105danie mo\u017cne z\u0142o\u017cy\u0107 skarg\u0119 w sprawie zapewniania dost\u0119pno\u015bci cyfrowej strony internetowej, aplikacji mobilnej lub elementu strony internetowej, lub aplikacji mobilnej. Po wyczerpaniu wskazanej wy\u017cej procedury mo\u017cna tak\u017ce z\u0142o\u017cy\u0107 wniosek do Rzecznika Praw Obywatelskich <a href=\"https:\/\/www.rpo.gov.pl\/\">https:\/\/www.rpo.gov.pl<\/a><\/p>\n<p><strong>Dost\u0119pno\u015b\u0107 architektoniczna<\/strong><\/p>\n<p style=\"text-align: justify;\">Informacja o\u00a0dost\u0119pno\u015bci architektonicznej siedziby podmiotu publicznego dla os\u00f3b niepe\u0142nosprawnych:<br \/>\nGminna Biblioteka Publiczna w Czernicach Borowych, ul. Che\u0142chowskiego 12, 06-415 Czernice Borowe<\/p>\n<p style=\"text-align: justify;\">Na zewn\u0105trz budynku s\u0105 dwa podjazdy dla w\u00f3zk\u00f3w inwalidzkich. Jeden bezpo\u015brednio z parkingu od strony ulicy Okr\u0119\u017cnej \u2013 wej\u015bcie g\u0142\u00f3wne, drugi bezpo\u015brednio z chodnika od strony ulicy Che\u0142chowskiego \u2013 wej\u015bcie do sali widowiskowej. Bezpo\u015brednio z chodnika jest r\u00f3wnie\u017c wej\u015bcie do biblioteki od strony cz\u0119\u015bci kuchennej. Wewn\u0105trz budynku na parterze znajduje si\u0119 \u0142azienka przystosowana dla os\u00f3b z niepe\u0142nosprawno\u015bci\u0105. Biblioteka jest w posiadaniu schodo\u0142azu obs\u0142ugiwanego przez pracownika. Przestrze\u0144 w bibliotece pozwala na swobodne poruszanie si\u0119 w\u00f3zkiem inwalidzkim pomi\u0119dzy rega\u0142ami. \u00a0Brak jest informacji dotykowej\/g\u0142osowej o rozk\u0142adzie pomieszcze\u0144. W budynku nie zastosowano urz\u0105dze\u0144 i innych \u015brodk\u00f3w technicznych do obs\u0142ugi os\u00f3b s\u0142abos\u0142ysz\u0105cych. Do budynku i jego pomieszcze\u0144 mo\u017cna wej\u015b\u0107 z psem asystuj\u0105cym i psem przewodnikiem.<\/p>\n<p style=\"text-align: justify;\">Biblioteka posiada specjalistyczn\u0105 klawiatur\u0119 komputerow\u0105 z ramk\u0105, przeznaczon\u0105 dla os\u00f3b z mimowolnymi ruchami oraz w\u0142asne komputery, na kt\u00f3rych mo\u017cna odtwarza\u0107 audioobooki.<br \/>\nGminna Biblioteka Publiczna w Czernicach Borowych nie posiada t\u0142umacza j\u0119zyka migowego.<\/p>\n<p><strong>Udogodnienia<\/strong><\/p>\n<p style=\"text-align: justify;\">Strona www biblioteki daje mo\u017cliwo\u015b\u0107 zmiany rozmiaru czcionki oraz zmian\u0119 kontrastu.<\/p>\n<p>Strona internetowa skaluje si\u0119 do szeroko\u015bci okna monitora, wy\u015bwietlacza urz\u0105dzenia mobilnego.<\/p>\n<p style=\"text-align: justify;\">Serwis jest rozpoznawalny przez program czytaj\u0105cy dla os\u00f3b niewidomych NVDA, darmowy czytnik ekranu dla systemu Microsoft Windows.<\/p>\n","protected":false},"excerpt":{"rendered":"<p>Gminna Biblioteka Publiczna w Czernicach Borowych zobowi\u0105zuje si\u0119 zapewni\u0107 dost\u0119pno\u015b\u0107 swojej strony internetowej zgodnie z przepisami Ustawy z dnia 4 kwietnia 2019 r. o dost\u0119pno\u015bci cyfrowej stron internetowych i aplikacji mobilnych podmiot\u00f3w publicznych. O\u015bwiadczenie w sprawie dost\u0119pno\u015bci ma zastosowanie do strony internetowej https:\/\/biblioteka.czerniceborowe.pl Daty publikacji i\u00a0aktualizacji data opublikowania strony internetowej: brak danych data ostatniej istotnej [&hellip;]<\/p>\n","protected":false},"author":884,"featured_media":0,"parent":0,"menu_order":0,"comment_status":"open","ping_status":"open","template":"","meta":[],"_links":{"self":[{"href":"https:\/\/biblioteka.czerniceborowe.pl\/index.php?rest_route=\/wp\/v2\/pages\/24"}],"collection":[{"href":"https:\/\/biblioteka.czerniceborowe.pl\/index.php?rest_route=\/wp\/v2\/pages"}],"about":[{"href":"https:\/\/biblioteka.czerniceborowe.pl\/index.php?rest_route=\/wp\/v2\/types\/page"}],"author":[{"embeddable":true,"href":"https:\/\/biblioteka.czerniceborowe.pl\/index.php?rest_route=\/wp\/v2\/users\/884"}],"replies":[{"embeddable":true,"href":"https:\/\/biblioteka.czerniceborowe.pl\/index.php?rest_route=%2Fwp%2Fv2%2Fcomments&post=24"}],"version-history":[{"count":17,"href":"https:\/\/biblioteka.czerniceborowe.pl\/index.php?rest_route=\/wp\/v2\/pages\/24\/revisions"}],"predecessor-version":[{"id":4259,"href":"https:\/\/biblioteka.czerniceborowe.pl\/index.php?rest_route=\/wp\/v2\/pages\/24\/revisions\/4259"}],"wp:attachment":[{"href":"https:\/\/biblioteka.czerniceborowe.pl\/index.php?rest_route=%2Fwp%2Fv2%2Fmedia&parent=24"}],"curies":[{"name":"wp","href":"https:\/\/api.w.org\/{rel}","templated":true}]}}